in base 9?
-22
Convert 0 (base 2) to base 9.
0
What is 12 (base 11) in base 3?
111
-13 (base 6) to base 9
-10
2 (base 3) to base 2
10
Convert 1 (base 10) to base 15.
1
What is 1010 (base 4) in base 2?
1000100
0 (base 15) to base 11
0
0 (base 6) to base 4
0
What is 19 (base 14) in base 11?
21
Convert -14 (base 5) to base 16.
-9
38 (base 13) to base 11
43
Convert 2a (base 14) to base 11.
35
Convert -101001 (base 2) to base 4.
-221
54 (base 9) to base 6
121
Convert -26 (base 16) to base 2.
-100110
What is -e (base 15) in base 7?
-20
0 (base 10) to base 11
0
Convert -42 (base 15) to base 5.
-222
Convert -7 (base 14) to base 13.
-7
What is -4 (base 7) in base 10?
-4
2 (base 10) to base 13
2
42 (base 5) to base 15
17
Convert 312 (base 4) to base 3.
2000
1000 (base 2) to base 11
8
What is 14c (base 14) in base 8?
410
What is -2 (base 8) in base 14?
-2
-3 (base 5) to base 13
-3
What is 100001 (base 2) in base 8?
41
-3 (base 13) to base 4
-3
Convert 424 (base 5) to base 15.
79
What is 4 (base 7) in base 5?
4
-118 (base 14) to base 8
-332
18 (base 9) to base 2
10001
-1021 (base 4) to base 11
-67
Convert 29 (base 14) to base 13.
2b
What is -20 (base 9) in base 5?
-33
What is 2 (base 8) in base 3?
2
11 (base 12) to base 6
21
-170 (base 12) to base 2
-11100100
Convert 1 (base 7) to base 4.
1
-1013 (base 5) to base 6
-341
Convert 1 (base 14) to base 6.
1
What is 20 (base 3) in base 15?
6
3 (base 10) to base 3
10
What is -1 (base 14) in base 2?
-1
-374 (base 8) to base 2
-11111100
Convert -11 (base 2) to base 11.
-3
Convert -23 (base 5) to base 13.
-10
12 (base 3) to base 16
5
Convert 403 (base 6) to base 10.
147
3 (base 14) to base 8
3
Convert -11222 (base 3) to base 5.
-1014
Convert 30 (base 10) to base 16.
1e
Convert -3 (base 13) to base 8.
-3
-3 (base 14) to base 7
-3
What is -2 (base 6) in base 2?
-10
What is 11012 (base 3) in base 11?
a3
What is -a (base 12) in base 15?
-a
Convert 57 (base 11) to base 3.
2022
Convert -101210 (base 3) to base 6.
-1203
What is -140 (base 8) in base 13?
-75
What is -10110001 (base 2) in base 12?
-129
What is 18 (base 14) in base 10?
22
246 (base 9) to base 2
11001100
What is -1c (base 13) in base 15?
-1a
Convert 111 (base 6) to base 16.
2b
Convert -5 (base 15) to base 11.
-5
100100 (base 2) to base 6
100
Convert 127 (base 12) to base 9.
214
2 (base 7) to base 4
2
-4 (base 9) to base 7
-4
Convert -4 (base 9) to base 7.
-4
What is 10001 (base 2) in base 16?
11
0 (base 4) to base 3
0
2 (base 14) to base 16
2
Convert 1 (base 12) to base 10.
1
What is 111 (base 5) in base 16?
1f
-13 (base 7) to base 5
-20
-4 (base 13) to base 7
-4
What is 10 (base 12) in base 9?
13
-10 (base 4) to base 10
-4
Convert 0 (base 8) to base 7.
0
Convert -2 (base 9) to base 11.
-2
Convert 0 (base 6) to base 5.
0
10 (base 9) to base 10
9
Convert -6 (base 11) to base 3.
-20
7 (base 8) to base 12
7
What is -25 (base 7) in base 10?
-19
Convert -54 (base 16) to base 3.
-10010
What is -1 (base 7) in base 6?
-1
Convert 2 (base 5) to base 13.
2
What is -dc (base 14) in base 13?
-11c
Convert 208 (base 9) to base 12.
122
Convert 5 (base 7) to base 10.
5
Convert -11000101 (base 2) to base 6.
-525
Convert 29 (base 10) to base 12.
25
-206 (base 8) to base 6
-342
-21 (base 6) to base 4
-31
What is -1 (base 11) in base 5?
-1
Convert 248 (base 9) to base 3.
21122
22112 (base 3) to base 16
e6
46 (base 16) to base 10
70
What is -19 (base 14) in base 15?
-18
What is 1b (base 16) in base 12?
23
What is 144 (base 10) in base 14?
a4
What is -131 (base 6) in base 10?
-55
Convert -157 (base 9) to base 5.
-1013
Convert -14 (base 11) to base 4.
-33
Convert -3 (base 11) to base 15.
-3
Convert 102 (base 5) to base 11.
25
What is 7 (base 10) in base 13?
7
What is 12 (base 4) in base 9?
6
Convert -5 (base 9) to base 8.
-5
Convert -6a (base 14) to base 9.
-114
Convert 0 (base 5) to base 6.
0
What is 3 (base 6) in base 2?
11
-61 (base 8) to base 5
-144
What is 3 (base 15) in base 3?
10
1 (base 10) to base 9
1
What is 1 (base 12) in base 3?
1
Convert -d (base 16) to base 7.
-16
What is -343 (base 5) in base 7?
-200
Convert -3 (base 12) to base 14.
-3
Convert 12 (base 11) to base 13.
10
Convert 34 (base 15) to base 10.
49
44 (base 16) to base 7
125
What is -2 (base 12) in base 10?
-2
Convert -11 (base 3) to base 6.
-4
What is 1011 (base 3) in base 4?
133
Convert 10 (base 4) to base 11.
4
What is -4 (base 12) in base 9?
-4
Convert 85 (base 10) to base 4.
1111
What is -48 (base 9) in base 11?
-40
What is -14 (base 12) in base 4?
-100
24 (base 6) to base 11
15
What is -110 (base 2) in base 11?
-6
Convert 0 (base 7) to base 10.
0
Convert 1a2 (base 11) to base 16.
e9
What is 2 (base 13) in base 12?
2
-6 (base 10) to base 5
-11
Convert 2 (base 10) to base 8.
2
1 (base 7) to base 14
1
Convert -b8 (base 16) to base 13.
-112
What is -2 (base 9) in base 10?
-2
Convert -10001 (base 2) to base 15.
-12
39 (base 13) to base 9
53
b7 (base 15) to base 2
10101100
What is 130 (base 4) in base 10?
28
Convert -18 (base 13) to base 7.
-30
What is -1110011 (base 2) in base 5?
-430
What is 6 (base 12) in base 7?
6
What is -10 (base 8) in base 13?
-8
What is 2 (base 8) in base 6?
2
What is -3 (base 9) in base 12?
-3
What is -1112 (base 3) in base 4?
-221
What is -3 (base 7) in base 12?
-3
2 (base 4) to base 8
2
-1 (base 4) to base 7
-1
What is -11001 (base 2) in base 5?
-100
Convert -20 (base 11) to base 7.
-31
Convert 0 (base 15) to base 11.
0
What is -ac (base 14) in base 9?
-178
What is 3 (base 7) in base 6?
3
What is -45 (base 10) in base 4?
-231
-3 (base 9) to base 16
-3
What is -100 (base 3) in base 5?
-14
Convert -11201 (base 3) to base 8.
-177
Convert -312 (base 4) to base 2.
-110110
What is a8 (base 16) in base 12?
120
51 (base 10) to base 16
33
What is 7 (base 9) in base 4?
13
3 (base 8) to base 13
3
60 (base 16) to base 2
1100000
Convert 4 (base 15) to base 6.
4
Convert -138 (base 13) to base 3.
-22000
Convert 8 (base 15) to base 3.
22
What is -32 (base 9) in base 12?
-25
What is 1 (base 14) in base 3?
1
Convert 232 (base 4) to base 11.
42
Convert 0 (base 12) to base 10.
0
Convert 2331 (base 4) to base 16.
bd
0 (base 12) to base 2
0
Convert 12 (base 5) to base 16.
7
-a (base 14) to base 8
-12
Convert 141 (base 8) to base 13.
76
What is -6 (base 15) in base 11?
-6
Convert 4 (base 5) to base 13.
4
Convert -8 (base 10) to base 13.
-8
1 (base 8) to base 13
1
9 (base 14) to base 15
9
What is -3 (base 10) in base 16?
-3
What is 3 (base 7) in base 8?
3
What is -1000111 (base 2) in base 15?
-4b
What is a (base 13) in base 8?
12
What is -31 (base 7) in base 12?
-1a
111 (base 3) to base 11
12
What is -31 (base 16) in base 15?
-34
-6 (base 16) to base 7
-6
Convert -271 (base 8) to base 5.
-1220
Convert -30 (base 8) to base 12.
-20
Convert 11000001 (base 2) to base 5.
1233
Convert 7 (base 11) to base 14.
7
Convert 14 (base 14) to base 13.
15
What is -b0 (base 12) in base 7?
-246
What is -1 (base 5) in base 10?
-1
Convert 4 (base 13) to base 5.
4
Convert -4 (base 8) to base 13.
-4
What is 6 (base 7) in base 9?
6
3 (base 4) to base 14
3
Convert -4 (base 15) to base 2.
-100
What is -4c (base 13) in base 5?
-224
What is -75 (base 16) in base 2?
-1110101
Convert 30 (base 6) to base 11.
17
Convert 10 (base 4) to base 13.
4
Convert -3 (base 11) to base 16.
-3
Convert 110 (base 5) to base 13.
24
What is 3 (base 15) in base 16?
3
34 (base 6) to base 2
10110
What is 11 (base 2) in base 8?
3
What is -10 (base 2) in base 8?
-2
What is 110 (base 4) in base 14?
16
What is 8b (base 12) in base 13?
83
-101 (base 2) to base 4
-11
41 (base 11) to base 15
30
What is -1243 (base 5) in base 11?
-170
Convert 9 (base 11) to base 4.
21
-1 (base 6) to base 8
-1
What is -c (base 16) in base 6?
-20
103 (base 9) to base 12
70
What is -a (base 13) in base 6?
-14
6 (base 16) to base 9
6
-5 (base 16) to base 15
-5
What is 0 (base 5) in base 9?
0
What is -13 (base 7) in base 5?
-20
-3 (base 5) to base 7
-3
Convert -233 (base 10) to base 3.
-22122
-51 (base 7) to base 4
-210
Convert 0 (base 7) to base 8.
0
What is -22 (base 5) in base 7?
-15
-13 (base 8) to base 7
-14
What is -7 (base 9) in base 11?
-7
Convert -aa (base 12) to base 8.
-202
1 (base 14) to base 15
1
3 (base 6) to base 3
10
Convert -2 (base 11) to base 14.
-2
Convert 4 (b